{"id":3681,"date":"2018-03-19T12:40:48","date_gmt":"2018-03-19T15:40:48","guid":{"rendered":"http:\/\/www.universo-deportivo.com.ar\/wp-content\/uploads\/2018\/03\/Dinamarca-III.jpg"},"modified":"2018-03-19T12:41:09","modified_gmt":"2018-03-19T15:41:09","slug":"dinamarca-iii","status":"inherit","type":"attachment","link":"https:\/\/www.universo-deportivo.com.ar\/?attachment_id=3681","title":{"rendered":"Dinamarca III"},"author":1,"comment_status":"closed","ping_status":"closed","template":"","meta":[],"description":{"rendered":"<p class=\"attachment\"><a href='https:\/\/www.universo-deportivo.com.ar\/wp-content\/uploads\/2018\/03\/Dinamarca-III.jpg'><img width=\"300\" height=\"187\" src=\"https:\/\/www.universo-deportivo.com.ar\/wp-content\/uploads\/2018\/03\/Dinamarca-III-300x187.jpg\" class=\"attachment-medium size-medium\" alt=\"\" loading=\"lazy\" srcset=\"https:\/\/www.universo-deportivo.com.ar\/wp-content\/uploads\/2018\/03\/Dinamarca-III-300x187.jpg 300w, https:\/\/www.universo-deportivo.com.ar\/wp-content\/uploads\/2018\/03\/Dinamarca-III-768x478.jpg 768w, https:\/\/www.universo-deportivo.com.ar\/wp-content\/uploads\/2018\/03\/Dinamarca-III-1024x637.jpg 1024w, https:\/\/www.universo-deportivo.com.ar\/wp-content\/uploads\/2018\/03\/Dinamarca-III-482x300.jpg 482w, https:\/\/www.universo-deportivo.com.ar\/wp-content\/uploads\/2018\/03\/Dinamarca-III.jpg 1572w\" sizes=\"(max-width: 300px) 100vw, 300px\" \/><\/a><\/p>\n"},"caption":{"rendered":""},"alt_text":"","media_type":"image","mime_type":"image\/jpeg","media_details":{"width":1572,"height":978,"file":"2018\/03\/Dinamarca-III.jpg","sizes":{"thumbnail":{"file":"Dinamarca-III-150x150.jpg","width":150,"height":150,"mime_type":"image\/jpeg","source_url":"https:\/\/www.universo-deportivo.com.ar\/wp-content\/uploads\/2018\/03\/Dinamarca-III-150x150.jpg"},"medium":{"file":"Dinamarca-III-300x187.jpg","width":300,"height":187,"mime_type":"image\/jpeg","source_url":"https:\/\/www.universo-deportivo.com.ar\/wp-content\/uploads\/2018\/03\/Dinamarca-III-300x187.jpg"},"medium_large":{"file":"Dinamarca-III-768x478.jpg","width":768,"height":478,"mime_type":"image\/jpeg","source_url":"https:\/\/www.universo-deportivo.com.ar\/wp-content\/uploads\/2018\/03\/Dinamarca-III-768x478.jpg"},"large":{"file":"Dinamarca-III-1024x637.jpg","width":1024,"height":637,"mime_type":"image\/jpeg","source_url":"https:\/\/www.universo-deportivo.com.ar\/wp-content\/uploads\/2018\/03\/Dinamarca-III-1024x637.jpg"},"post-thumbnail":{"file":"Dinamarca-III-1000x288.jpg","width":1000,"height":288,"mime_type":"image\/jpeg","source_url":"https:\/\/www.universo-deportivo.com.ar\/wp-content\/uploads\/2018\/03\/Dinamarca-III-1000x288.jpg"},"large-feature":{"file":"Dinamarca-III-1000x288.jpg","width":1000,"height":288,"mime_type":"image\/jpeg","source_url":"https:\/\/www.universo-deportivo.com.ar\/wp-content\/uploads\/2018\/03\/Dinamarca-III-1000x288.jpg"},"small-feature":{"file":"Dinamarca-III-482x300.jpg","width":482,"height":300,"mime_type":"image\/jpeg","source_url":"https:\/\/www.universo-deportivo.com.ar\/wp-content\/uploads\/2018\/03\/Dinamarca-III-482x300.jpg"},"full":{"file":"Dinamarca-III.jpg","width":1572,"height":978,"mime_type":"image\/jpeg","source_url":"https:\/\/www.universo-deportivo.com.ar\/wp-content\/uploads\/2018\/03\/Dinamarca-III.jpg"}},"image_meta":{"aperture":"0","credit":"Picasa","camera":"","caption":"SELECCI\u00d3N DE DINAMARCA - Temporada 1985-86 - Eljkaer-Larsen, Arnesen, Molby, Sivebak, Michael Laudrup y Busk; Henrik Andersen, Jesper Olsen, Morten Olsen, Hogh y Lerby - DINAMARCA 2 (Jesper Olsen y John Eriksen) REP\u00daBLICA FEDERAL DE ALEMANIA 0 - 13\/06\/1986 - Campeonato del Mundo de M\u00e9xico 1986, fase de grupos - Quer\u00e9taro, M\u00e9xico, estadio Municipal","created_timestamp":"0","copyright":"","focal_length":"0","iso":"0","shutter_speed":"0","title":"","orientation":"1","keywords":[]}},"post":3679,"source_url":"https:\/\/www.universo-deportivo.com.ar\/wp-content\/uploads\/2018\/03\/Dinamarca-III.jpg","_links":{"self":[{"href":"https:\/\/www.universo-deportivo.com.ar\/index.php?rest_route=\/wp\/v2\/media\/3681"}],"collection":[{"href":"https:\/\/www.universo-deportivo.com.ar\/index.php?rest_route=\/wp\/v2\/media"}],"about":[{"href":"https:\/\/www.universo-deportivo.com.ar\/index.php?rest_route=\/wp\/v2\/types\/attachment"}],"author":[{"embeddable":true,"href":"https:\/\/www.universo-deportivo.com.ar\/index.php?rest_route=\/wp\/v2\/users\/1"}],"replies":[{"embeddable":true,"href":"https:\/\/www.universo-deportivo.com.ar\/index.php?rest_route=%2Fwp%2Fv2%2Fcomments&post=3681"}]}}

SELECCIÓN DE DINAMARCA - Temporada 1985-86 - Eljkaer-Larsen, Arnesen, Molby, Sivebak, Michael Laudrup y Busk; Henrik Andersen, Jesper Olsen, Morten Olsen, Hogh y Lerby - DINAMARCA 2 (Jesper Olsen y John Eriksen) REPÚBLICA FEDERAL DE ALEMANIA 0 - 13/06/1986 - Campeonato del Mundo de México 1986, fase de grupos - Querétaro, México, estadio Municipal
